2293?
True
Is 162735853 a multiple of 7?
True
Does 1533 divide 12188806?
False
Is 16580494 a multiple of 3?
False
Is 26109052 a multiple of 240?
False
Is 579568780 a multiple of 19?
True
Does 2975 divide 493579275?
True
Is 436659815 a multiple of 145?
True
Is 112 a factor of 100198356?
False
Is 15563545 a multiple of 6?
False
Is 11 a factor of 214924756?
False
Is 6846529766 a multiple of 2459?
True
Does 206 divide 48924588?
True
Is 132871869 a multiple of 35?
False
Is 75 a factor of 43613100?
True
Is 47277240 a multiple of 2663?
False
Does 14 divide 95523055?
False
Does 4 divide 1165425?
False
Is 24 a factor of 535972?
False
Is 29 a factor of 123475301?
True
Is 35869491 a multiple of 841?
True
Is 2994 a factor of 28044334?
False
Does 564 divide 81758004?
True
Is 733460508 a multiple of 3982?
True
Does 7 divide 3766567?
True
Is 70 a factor of 2559616035?
False
Is 13 a factor of 145761577?
True
Does 295 divide 3475220718?
False
Is 117819423 a multiple of 487?
True
Does 7 divide 9443965?
False
Is 152928909 a multiple of 293?
False
Is 3824 a factor of 358519120?
True
Does 56 divide 795010328?
True
Is 6 a factor of 805056746?
False
Does 13 divide 446126653?
False
Is 317 a factor of 15129459?
True
Does 7 divide 116100411?
True
Is 269 a factor of 72396422?
False
Is 88 a factor of 48993803?
False
Is 4527 a factor of 3388459500?
True
Is 203 a factor of 4645249?
True
Is 10526752 a multiple of 86?
False
Is 53 a factor of 47151821?
True
Does 53 divide 43891641?
False
Does 58 divide 3463412?
True
Does 1020 divide 40255365?
False
Does 30 divide 76891531?
False
Is 15 a factor of 713135844?
False
Is 24658302 a multiple of 381?
False
Is 105059700 a multiple of 1350?
True
Does 22 divide 490442395?
False
Is 131 a factor of 548900873?
True
Is 13 a factor of 431307032?
True
Is 105 a factor of 480512025?
True
Is 360173517 a multiple of 33?
True
Does 23 divide 7123156?
False
Is 339135950 a multiple of 503?
False
Is 114832969 a multiple of 2162?
False
Does 132 divide 1279603540?
False
Is 20041012 a multiple of 61?
False
Does 2514 divide 754984127?
False
Is 29033171 a multiple of 219?
False
Is 54 a factor of 609985674?
True
Is 154 a factor of 5015934?
True
Does 2112 divide 196737848?
False
Is 24 a factor of 486284602?
False
Is 17681565 a multiple of 162?
False
Is 14 a factor of 119449652?
True
Is 489 a factor of 1053492798?
True
Is 22 a factor of 18977381?
False
Is 13 a factor of 31266162?
False
Is 7512358 a multiple of 7?
True
Is 39173862 a multiple of 1014?
True
Is 1021469360 a multiple of 236?
True
Is 19891088 a multiple of 337?
True
Does 75 divide 19252899?
False
Is 149 a factor of 290239427?
False
Is 64399142 a multiple of 2580?
False
Is 741641167 a multiple of 17?
True
Is 915 a factor of 119929050?
True
Is 83992606 a multiple of 182?
False
Is 415 a factor of 125468480?
False
Is 27965961 a multiple of 4?
False
Does 26 divide 179651680?
True
Is 2737798794 a multiple of 2514?
True
Does 16 divide 441624336?
True
Does 46 divide 1340635362?
True
Does 25 divide 848003?
False
Is 252 a factor of 132869214?
False
Does 10 divide 150829200?
True
Does 2128 divide 132802096?
True
Is 206688143 a multiple of 23?
True
Is 1148 a factor of 46944016?
True
Is 85 a factor of 1119144170?
True
Is 27920217 a multiple of 495?
False
Does 7 divide 42834001?
True
Does 466 divide 67435326?
True
Is 1075 a factor of 689767813?
False
Is 97 a factor of 27375340?
True
Is 362 a factor of 275321174?
False
Is 38 a factor of 11852124?
True
Is 77395805 a multiple of 23?
True
Does 320 divide 37481280?
True
Does 5 divide 37439236?
False
Is 11 a factor of 2304852?
True
Is 159362200 a multiple of 4?
True
Is 4129 a factor of 37340403?
False
Does 25 divide 40980071?
False
Does 81 divide 5137658500?
False
Is 288 a factor of 43186918?
False
Is 367960579 a multiple of 16?
False
Does 7 divide 34835101?
True
Is 1218874855 a multiple of 1266?
False
Is 125471944 a multiple of 13?
True
Is 2406 a factor of 221878914?
True
Is 28 a factor of 6785280810?
False
Does 35 divide 98047600?
True
Is 2 a factor of 38956214?
True
Does 35 divide 248044789?
False
Does 24 divide 131658622?
False
Is 57761288 a multiple of 13?
True
Is 118695456 a multiple of 6?
True
Is 523 a factor of 11717672?
False
Does 25 divide 187950?
True
Is 116 a factor of 20158094?
False
Does 4 divide 43169805?
False
Is 532 a factor of 28893452?
True
Does 18 divide 683115941?
False
Is 188 a factor of 1254507456?
True
Is 582 a factor of 25221783?
False
Is 81348848 a multiple of 712?
True
Is 1079789 a multiple of 301?
False
Does 581 divide 360787260?
False
Is 24 a factor of 15689400?
True
Is 2255094 a multiple of 54?
True
Does 19 divide 16466464?
True
Does 111 divide 13885329?
False
Is 466866110 a multiple of 531?
False
Is 1265 a factor of 35241950?
False
Is 255259714 a multiple of 9?
False
Is 646224102 a multiple of 52?
False
Is 9520022 a multiple of 46?
True
Is 71 a factor of 2473131?
False
Does 637 divide 1283911473?
False
Does 11162 divide 4932210575?
False
Is 7 a factor of 37180416?
True
Is 42691089 a multiple of 291?
False
Is 1349935126 a multiple of 6?
False
Is 18 a factor of 4923144?
True
Does 108 divide 376014204?
True
Does 18 divide 188384658?
False
Is 361028206 a multiple of 50?
False
Is 424664418 a multiple of 35?
False
Is 7975878 a multiple of 449?
False
Is 238 a factor of 350416468?
False
Is 2737 a factor of 218319074?
False
Does 1548 divide 2440336860?
True
Is 116 a factor of 3402375?
False
Does 486 divide 1905793955?
False
Does 1459 divide 42941602?
False
Is 32621292 a multiple of 108?
True
Is 23945510 a multiple of 190?
True
Is 42 a factor of 79818514?
False
Is 19670806 a multiple of 271?
True
Is 50 a factor of 2251583550?
True
Is 4834 a factor of 148157266?
True
Is 116757540 a multiple of 9?
True
Is 73134908 a multiple of 404?
True
Does 5 divide 233479004?
False
Is 547 a factor of 74290805?
True
Does 2076 divide 118758833?
False
Is 114129 a multiple of 2?
False
Does 17 divide 24611597?
True
Is 22727519 a multiple of 150?
False
Does 7 divide 442728790?
True
Does 114 divide 3273704565?
False
Does 232 divide 1052543602?
False
Is 37163790 a multiple of 232?
False
Does 17 divide 2002411487?
True
Is 276 a factor of 15572393?
False
Is 19089402 a multiple of 474?
True
Is 901550176 a multiple of 447?
False
Is 17804760 a multiple of 23?
True
Is 731 a factor of 556206204?
True
Does 13 divide 27786551?
True
Is 44042206 a multiple of 108?
False
Is 346198132 a multiple of 98?
True
Does 1940 divide 36924413?
False
Is 46016220 a multiple of 87?
False
Is 29 a factor of 347688888?
True
Does 10312 divide 137510520?
True
Does 15 divide 149936115?
True
Is 16633363 a multiple of 22?
False
Does 7487 divide 1558793400?
True
Is 12 a factor of 12835464?
True
Is 7 a factor of 14921333?
True
Is 5328301 a multiple of 12?
False
Does 52 divide 977203204?
False
Is 9761190 a multiple of 5?
True
Is 3896 a factor of 1930760130?
False
Is 1598 a factor of 272186561?
False
Does 27 divide 1642677742?
False
Is 15768365 a multiple of 73?
True
Is 1505 a factor of 3206846475?
True
Is 20 a factor of 6102920?
True
Does 5 divide 302306059?
False
Is 51404060 a multiple of 11?
False
Is 94399056 a multiple of 813?
True
Is 450604823 a multiple of 254?
False
Does 87 divide 303474705?
True
Is 38 a factor of 14122821?
False
Is 833 a factor of 31829763?
True
Does 15 divide 1813264605?
True
Is 5378 a factor of 1755917000?
True
Does 79 divide 215550552?
True
Is 47 a factor of 1725983516?
False
Does 14 divide 56040482?
False
Does 346 divide 957251212?
True
Does 14 divide 61327000?
True
Does 72 divide 96204672?
True
Is 19991099 a multiple of 17?
True
Is 844 a factor of 7677024?
True
Is 717 a factor of 781030817?
False
Is 446401860 a multiple of 76?
False
Does 11 divide 717203626?
False
Is 571351 even?
False
Is 38 a factor of 203047059?
False
Is 25 a factor of 127083975?
True
Is 4525 a factor of 751294800?
True
Does 788 divide 6716682?
False
Does 1542 divide 4052877150?
True
Does 6 divide 5720844?
True
Does 393 divide 1110729734?
False
Is 81227540 a multiple of 20?
True
Is 35948118 a multiple of 207?
False
Is 204922736 a multiple of 11?
False
Does 425 divide 1105390352?
False
Does 7 divide 71218298?
False
Is 72250764 a multiple of 38?
False
Is 1381 a factor of 27978330?
False
Is 12 a factor of 2